[INFO] fetching crate leaky-bucket-lite 0.5.2...
[INFO] checking leaky-bucket-lite-0.5.2 against master#9610dfe5a9a731ced1ea4923ecbd0c57fe367898 for beta-170-4
[INFO] extracting crate leaky-bucket-lite 0.5.2 into /workspace/builds/worker-3-tc1/source
[INFO] validating manifest of crates.io crate leaky-bucket-lite 0.5.2 on toolchain 9610dfe5a9a731ced1ea4923ecbd0c57fe367898
[INFO] running `Command { std: CARGO_HOME="/workspace/cargo-home" RUSTUP_HOME="/workspace/rustup-home" "/workspace/cargo-home/bin/cargo" "+9610dfe5a9a731ced1ea4923ecbd0c57fe367898" "metadata" "--manifest-path" "Cargo.toml" "--no-deps", kill_on_drop: false }`
[INFO] started tweaking crates.io crate leaky-bucket-lite 0.5.2
[INFO] finished tweaking crates.io crate leaky-bucket-lite 0.5.2
[INFO] tweaked toml for crates.io crate leaky-bucket-lite 0.5.2 written to /workspace/builds/worker-3-tc1/source/Cargo.toml
[INFO] crate crates.io crate leaky-bucket-lite 0.5.2 already has a lockfile, it will not be regenerated
[INFO] running `Command { std: CARGO_HOME="/workspace/cargo-home" RUSTUP_HOME="/workspace/rustup-home" "/workspace/cargo-home/bin/cargo" "+9610dfe5a9a731ced1ea4923ecbd0c57fe367898" "fetch" "--manifest-path" "Cargo.toml", kill_on_drop: false }`
[INFO] running `Command { std: "docker" "create" "-v" "/var/lib/crater-agent-workspace/builds/worker-3-tc1/target:/opt/rustwide/target:rw,Z" "-v" "/var/lib/crater-agent-workspace/builds/worker-3-tc1/source:/opt/rustwide/workdir:ro,Z" "-v" "/var/lib/crater-agent-workspace/cargo-home:/opt/rustwide/cargo-home:ro,Z" "-v" "/var/lib/crater-agent-workspace/rustup-home:/opt/rustwide/rustup-home:ro,Z" "-e" "SOURCE_DIR=/opt/rustwide/workdir" "-e" "CARGO_TARGET_DIR=/opt/rustwide/target" "-e" "CARGO_HOME=/opt/rustwide/cargo-home" "-e" "RUSTUP_HOME=/opt/rustwide/rustup-home" "-w" "/opt/rustwide/workdir" "-m" "1610612736" "--user" "0:0" "--network" "none" "ghcr.io/rust-lang/crates-build-env/linux@sha256:19e73879b68f455e41552ea35293514db52ea292d993f571636dbffedb77a1ee" "/opt/rustwide/cargo-home/bin/cargo" "+9610dfe5a9a731ced1ea4923ecbd0c57fe367898" "metadata" "--no-deps" "--format-version=1", kill_on_drop: false }`
[INFO] [stdout] 03c073499bddb1048b92a6fafdfe9dab53b4c36ddcb9653f028fafc7090135bc
[INFO] running `Command { std: "docker" "start" "-a" "03c073499bddb1048b92a6fafdfe9dab53b4c36ddcb9653f028fafc7090135bc", kill_on_drop: false }`
[INFO] running `Command { std: "docker" "inspect" "03c073499bddb1048b92a6fafdfe9dab53b4c36ddcb9653f028fafc7090135bc", kill_on_drop: false }`
[INFO] running `Command { std: "docker" "rm" "-f" "03c073499bddb1048b92a6fafdfe9dab53b4c36ddcb9653f028fafc7090135bc", kill_on_drop: false }`
[INFO] [stdout] 03c073499bddb1048b92a6fafdfe9dab53b4c36ddcb9653f028fafc7090135bc
[INFO] running `Command { std: "docker" "create" "-v" "/var/lib/crater-agent-workspace/builds/worker-3-tc1/target:/opt/rustwide/target:rw,Z" "-v" "/var/lib/crater-agent-workspace/builds/worker-3-tc1/source:/opt/rustwide/workdir:ro,Z" "-v" "/var/lib/crater-agent-workspace/cargo-home:/opt/rustwide/cargo-home:ro,Z" "-v" "/var/lib/crater-agent-workspace/rustup-home:/opt/rustwide/rustup-home:ro,Z" "-e" "SOURCE_DIR=/opt/rustwide/workdir" "-e" "CARGO_TARGET_DIR=/opt/rustwide/target" "-e" "CARGO_INCREMENTAL=0" "-e" "RUST_BACKTRACE=full" "-e" "RUSTFLAGS=--cap-lints=forbid" "-e" "RUSTDOCFLAGS=--cap-lints=forbid" "-e" "CARGO_HOME=/opt/rustwide/cargo-home" "-e" "RUSTUP_HOME=/opt/rustwide/rustup-home" "-w" "/opt/rustwide/workdir" "-m" "1610612736" "--user" "0:0" "--network" "none" "ghcr.io/rust-lang/crates-build-env/linux@sha256:19e73879b68f455e41552ea35293514db52ea292d993f571636dbffedb77a1ee" "/opt/rustwide/cargo-home/bin/cargo" "+9610dfe5a9a731ced1ea4923ecbd0c57fe367898" "check" "--frozen" "--all" "--all-targets" "--message-format=json", kill_on_drop: false }`
[INFO] [stdout] 002bb483dc2d6857d316649ea0b661f9c9df31ee27ec854ae30981619036d793
[INFO] running `Command { std: "docker" "start" "-a" "002bb483dc2d6857d316649ea0b661f9c9df31ee27ec854ae30981619036d793", kill_on_drop: false }`
[INFO] [stderr]    Compiling proc-macro2 v1.0.36
[INFO] [stderr]    Compiling unicode-xid v0.2.2
[INFO] [stderr]    Compiling syn v1.0.86
[INFO] [stderr]    Compiling libc v0.2.118
[INFO] [stderr]     Checking pin-project-lite v0.2.8
[INFO] [stderr]    Compiling quote v1.0.15
[INFO] [stderr]     Checking num_cpus v1.13.1
[INFO] [stderr]    Compiling tokio-macros v1.7.0
[INFO] [stderr]     Checking tokio v1.17.0
[INFO] [stderr]     Checking leaky-bucket-lite v0.5.2 (/opt/rustwide/workdir)
[INFO] [stdout] error[E0432]: unresolved import `leaky_bucket_lite::sync_threadsafe`
[INFO] [stdout]  --> tests/test_overflow.rs:1:25
[INFO] [stdout]   |
[INFO] [stdout] 1 | use leaky_bucket_lite::{sync_threadsafe::LeakyBucket as SyncLeakyBucket, LeakyBucket};
[INFO] [stdout]   |                         ^^^^^^^^^^^^^^^ could not find `sync_threadsafe` in `leaky_bucket_lite`
[INFO] [stdout] 
[INFO] [stdout] 
[INFO] [stdout] error: aborting due to previous error
[INFO] [stdout] 
[INFO] [stdout] 
[INFO] [stdout] For more information about this error, try `rustc --explain E0432`.
[INFO] [stdout] 
[INFO] [stderr] error: could not compile `leaky-bucket-lite` (test "test_overflow") due to 2 previous errors
[INFO] [stderr] warning: build failed, waiting for other jobs to finish...
[INFO] [stdout] error[E0432]: unresolved import `leaky_bucket_lite::sync_threadsafe`
[INFO] [stdout]  --> tests/test_tokens.rs:1:25
[INFO] [stdout]   |
[INFO] [stdout] 1 | use leaky_bucket_lite::{sync_threadsafe::LeakyBucket as SyncLeakyBucket, LeakyBucket};
[INFO] [stdout]   |                         ^^^^^^^^^^^^^^^ could not find `sync_threadsafe` in `leaky_bucket_lite`
[INFO] [stdout] 
[INFO] [stdout] 
[INFO] [stdout] error[E0432]: unresolved import `leaky_bucket_lite::sync_threadsafe`
[INFO] [stdout]  --> tests/issue5.rs:1:25
[INFO] [stdout]   |
[INFO] [stdout] 1 | use leaky_bucket_lite::{sync_threadsafe::LeakyBucket as SyncLeakyBucket, LeakyBucket};
[INFO] [stdout]   |                         ^^^^^^^^^^^^^^^ could not find `sync_threadsafe` in `leaky_bucket_lite`
[INFO] [stdout] 
[INFO] [stdout] 
[INFO] [stdout] error[E0432]: unresolved import `leaky_bucket_lite::sync_threadsafe`
[INFO] [stdout]  --> tests/test_rate_limit_target.rs:1:25
[INFO] [stdout]   |
[INFO] [stdout] 1 | use leaky_bucket_lite::{sync_threadsafe::LeakyBucket as SyncLeakyBucket, LeakyBucket};
[INFO] [stdout]   |                         ^^^^^^^^^^^^^^^ could not find `sync_threadsafe` in `leaky_bucket_lite`
[INFO] [stdout] 
[INFO] [stdout] 
[INFO] [stdout] error[E0432]: unresolved import `leaky_bucket_lite::sync_threadsafe`
[INFO] [stdout]  --> tests/test_ao_issue.rs:1:25
[INFO] [stdout]   |
[INFO] [stdout] 1 | use leaky_bucket_lite::{sync_threadsafe::LeakyBucket as SyncLeakyBucket, LeakyBucket};
[INFO] [stdout]   |                         ^^^^^^^^^^^^^^^ could not find `sync_threadsafe` in `leaky_bucket_lite`
[INFO] [stdout] 
[INFO] [stdout] 
[INFO] [stdout] error: aborting due to previous error
[INFO] [stdout] 
[INFO] [stdout] 
[INFO] [stdout] For more information about this error, try `rustc --explain E0432`.
[INFO] [stdout] 
[INFO] [stdout] error: aborting due to previous error
[INFO] [stdout] 
[INFO] [stdout] 
[INFO] [stderr] error: could not compile `leaky-bucket-lite` (test "test_ao_issue") due to 2 previous errors
[INFO] [stdout] For more information about this error, try `rustc --explain E0432`.
[INFO] [stdout] 
[INFO] [stderr] error: could not compile `leaky-bucket-lite` (test "issue5") due to 2 previous errors
[INFO] [stdout] error: aborting due to previous error
[INFO] [stdout] 
[INFO] [stdout] 
[INFO] [stdout] For more information about this error, try `rustc --explain E0432`.
[INFO] [stdout] 
[INFO] [stderr] error: could not compile `leaky-bucket-lite` (test "test_tokens") due to 2 previous errors
[INFO] [stdout] error: aborting due to previous error
[INFO] [stdout] 
[INFO] [stdout] 
[INFO] [stdout] For more information about this error, try `rustc --explain E0432`.
[INFO] [stdout] 
[INFO] [stderr] error: could not compile `leaky-bucket-lite` (test "test_rate_limit_target") due to 2 previous errors
[INFO] running `Command { std: "docker" "inspect" "002bb483dc2d6857d316649ea0b661f9c9df31ee27ec854ae30981619036d793", kill_on_drop: false }`
[INFO] running `Command { std: "docker" "rm" "-f" "002bb483dc2d6857d316649ea0b661f9c9df31ee27ec854ae30981619036d793", kill_on_drop: false }`
[INFO] [stdout] 002bb483dc2d6857d316649ea0b661f9c9df31ee27ec854ae30981619036d793
